{"id":27,"date":"2019-10-22T10:24:14","date_gmt":"2019-10-22T08:24:14","guid":{"rendered":"http:\/\/estatistika.ku.sk\/?page_id=27"},"modified":"2022-01-09T02:23:51","modified_gmt":"2022-01-09T01:23:51","slug":"ukladanie-suborov","status":"publish","type":"page","link":"https:\/\/estatistika.ku.sk\/index.php\/program-spss-a-excel\/o-programe-spss\/ukladanie-suborov\/","title":{"rendered":"Ulo\u017eenie s\u00faborov"},"content":{"rendered":"<p><span style=\"font-family: helvetica, arial, sans-serif; font-size: 14pt;\">Osobitne sa uklad\u00e1 d\u00e1tov\u00e1 matica (pr\u00edpona: .sav) a osobitne v\u00fdsledkov\u00e9 okn\u00e1 (pr\u00edpona: .spv) s realizovan\u00fdmi \u0161tatistick\u00fdmi anal\u00fdzami.<\/span><\/p>\n","protected":false},"excerpt":{"rendered":"<p>Osobitne sa uklad\u00e1 d\u00e1tov\u00e1 matica (pr\u00edpona: .sav) a osobitne v\u00fdsledkov\u00e9 okn\u00e1 (pr\u00edpona: .spv) s realizovan\u00fdmi \u0161tatistick\u00fdmi anal\u00fdzami.<\/p>\n","protected":false},"author":1,"featured_media":0,"parent":19,"menu_order":0,"comment_status":"closed","ping_status":"closed","template":"templates\/template-full-width.php","meta":{"footnotes":""},"class_list":["post-27","page","type-page","status-publish","hentry"],"_links":{"self":[{"href":"https:\/\/estatistika.ku.sk\/index.php\/wp-json\/wp\/v2\/pages\/27","targetHints":{"allow":["GET"]}}],"collection":[{"href":"https:\/\/estatistika.ku.sk\/index.php\/wp-json\/wp\/v2\/pages"}],"about":[{"href":"https:\/\/estatistika.ku.sk\/index.php\/wp-json\/wp\/v2\/types\/page"}],"author":[{"embeddable":true,"href":"https:\/\/estatistika.ku.sk\/index.php\/wp-json\/wp\/v2\/users\/1"}],"replies":[{"embeddable":true,"href":"https:\/\/estatistika.ku.sk\/index.php\/wp-json\/wp\/v2\/comments?post=27"}],"version-history":[{"count":6,"href":"https:\/\/estatistika.ku.sk\/index.php\/wp-json\/wp\/v2\/pages\/27\/revisions"}],"predecessor-version":[{"id":1734,"href":"https:\/\/estatistika.ku.sk\/index.php\/wp-json\/wp\/v2\/pages\/27\/revisions\/1734"}],"up":[{"embeddable":true,"href":"https:\/\/estatistika.ku.sk\/index.php\/wp-json\/wp\/v2\/pages\/19"}],"wp:attachment":[{"href":"https:\/\/estatistika.ku.sk\/index.php\/wp-json\/wp\/v2\/media?parent=27"}],"curies":[{"name":"wp","href":"https:\/\/api.w.org\/{rel}","templated":true}]}}