{"id":462,"date":"2020-03-19T13:40:03","date_gmt":"2020-03-19T12:40:03","guid":{"rendered":"http:\/\/estatistika.ku.sk\/?page_id=462"},"modified":"2022-02-27T09:59:34","modified_gmt":"2022-02-27T08:59:34","slug":"priklad-cramerov-koeficient-v","status":"publish","type":"page","link":"https:\/\/estatistika.ku.sk\/index.php\/induktivna-statistika\/korelacna-analyza\/vztahy-medzi-nominalnymi-premennymi\/priklad-cramerov-koeficient-v\/","title":{"rendered":"Cramerov koeficient V"},"content":{"rendered":"<ul>\n<li><span style=\"font-family: helvetica, arial, sans-serif; font-size: 14pt;\">Pou\u017e\u00edva sa na sk\u00famanie vz\u0165ahu medzi viac\u00farov\u0148ov\u00fdmi nomin\u00e1lnymi premenn\u00fdmi (pr\u00edp. na meranie vz\u0165ahu medzi viac\u00farov\u0148ovou nomin\u00e1lnou a ordin\u00e1lnou premennou).<\/span><\/li>\n<li><span style=\"font-family: helvetica, arial, sans-serif; font-size: 14pt;\">koeficient m\u00f4\u017ee nadob\u00fada\u0165 hodnoty od 0 do 1, \u010d\u00edm tesnej\u0161\u00ed je vz\u0165ah k jednotke, t\u00fdm tesnej\u0161\u00ed je vz\u0165ah medzi premenn\u00fdmi (hovor\u00ed len o sile vz\u0165ahu, nie o jeho smere).<\/span><\/li>\n<\/ul>\n<p><span style=\"font-family: helvetica, arial, sans-serif; font-size: 14pt;\"><strong>Pr\u00edklad \u010d. 1:<\/strong> Cie\u013eom anal\u00fdzy je zisti\u0165 \u010di existuje s\u00favislos\u0165 medzi rodinn\u00fdm stavom seniora a sp\u00f4sobom jeho b\u00fdvania.<\/span><\/p>\n<p><span style=\"font-family: helvetica, arial, sans-serif; font-size: 14pt;\">H<sub style=\"color: #000000;\">0<\/sub>:\u00a0 Medzi rodinn\u00fdm stavom seniora a sp\u00f4sobom jeho b\u00fdvania neexistuje \u0161tatisticky v\u00fdznamn\u00fd vz\u0165ah.<\/span><\/p>\n<p><span style=\"font-family: helvetica, arial, sans-serif; font-size: 14pt;\">H<sub>A<\/sub>: Medzi rodinn\u00fdm stavom seniora a sp\u00f4sobom jeho b\u00fdvania existuje \u0161tatisticky v\u00fdznamn\u00fd vz\u0165ah.<\/span><\/p>\n<p><span style=\"font-family: helvetica, arial, sans-serif; font-size: 14pt;\"><strong>Operacionaliz\u00e1cia:<\/strong><\/span><\/p>\n<ul>\n<li><span style=\"font-family: helvetica, arial, sans-serif; font-size: 14pt;\">rodinn\u00fd stav: 1 = <b>slobodn\u00fd<\/b>, 2 = <b>\u017eenat\u00fd\/vydat\u00e1,<\/b> 3 = <b>rozveden\u00fd<\/b>, 4 = <b>ovdoven\u00fd<\/b><\/span><\/li>\n<li><span style=\"font-family: helvetica, arial, sans-serif; font-size: 14pt;\">sp\u00f4sob b\u00fdvania: 1 = <b>s rodinou<\/b>, 2 <b>s\u00e1m<\/b>, 3 = <b>v\u00a0in\u0161tit\u00facii<\/b><\/span><\/li>\n<\/ul>\n<table style=\"border-collapse: collapse; width: 100%;\">\n<tbody>\n<tr>\n<td style=\"width: 100%; text-align: center;\"><strong><span style=\"font-family: helvetica, arial, sans-serif;\">Videon\u00e1vod: SPSS<\/span><\/strong><\/td>\n<\/tr>\n<tr>\n<td style=\"width: 100%;\"><iframe title=\"Korela\u010dn\u00e1 anal\u00fdza - Cramerov koeficient V\" width=\"580\" height=\"326\" src=\"https:\/\/www.youtube.com\/embed\/-tcJqFpLomE?feature=oembed\" frameborder=\"0\" allow=\"accelerometer; autoplay; clipboard-write; encrypted-media; gyroscope; picture-in-picture; web-share\" referrerpolicy=\"strict-origin-when-cross-origin\" allowfullscreen><\/iframe><\/td>\n<\/tr>\n<\/tbody>\n<\/table>\n<p><span style=\"color: #800080;\"><strong>\u00a0<\/strong>\u00a0<strong>Sk\u00fa\u0161obn\u00fd pr\u00edklad:<\/strong><\/span><\/p>\n<blockquote><p><strong>Pr\u00edklad \u010d. 2<\/strong> si m\u00f4\u017eete sk\u00fasi\u0165 sami vypo\u010d\u00edta\u0165. Ni\u017e\u0161ie n\u00e1jdete pr\u00edslu\u0161n\u00fa d\u00e1tov\u00fa maticu v SPSS, s\u00fabory si m\u00f4\u017eete stiahnu\u0165. To \u010di ste zadanie spr\u00e1vne vypo\u010d\u00edtali si m\u00f4\u017eete overi\u0165, ak v\u00e1\u0161 v\u00fdsledok vlo\u017e\u00edte do v\u00fdsledkov\u00e9ho okna, ktor\u00e9 taktie\u017e n\u00e1jdete ni\u017e\u0161ie pod zadan\u00edm pr\u00edkladu.<\/p><\/blockquote>\n<p><strong>Pr\u00edklad \u010d. 2<\/strong>: <span style=\"font-family: helvetica, arial, sans-serif; font-size: 14pt;\">Cie\u013eom anal\u00fdzy je zisti\u0165 \u010di existuje s\u00favislos\u0165 medzi sp\u00f4sobom b\u00fdvania seniora a jeho mesa\u010dn\u00fdm pr\u00edjmom.<\/span><\/p>\n<p><span style=\"font-family: helvetica, arial, sans-serif; font-size: 14pt;\">H<sub style=\"color: #000000;\">0<\/sub>:\u00a0 Medzi sp\u00f4sobom b\u00fdvania a mesa\u010dn\u00fdm pr\u00edjmom seniora neexistuje \u0161tatisticky v\u00fdznamn\u00fd vz\u0165ah.\u00a0<\/span><\/p>\n<p><span style=\"font-family: helvetica, arial, sans-serif; font-size: 14pt;\">H<sub>A<\/sub>: Medzi sp\u00f4sobom b\u00fdvania a mesa\u010dn\u00fdm pr\u00edjmom seniora existuje \u0161tatisticky v\u00fdznamn\u00fd vz\u0165ah.\u00a0<\/span><\/p>\n<p><span style=\"font-family: helvetica, arial, sans-serif; font-size: 14pt;\"><strong>Operacionaliz\u00e1cia:<\/strong><\/span><\/p>\n<ul>\n<li><span style=\"font-family: helvetica, arial, sans-serif; font-size: 14pt;\">sp\u00f4sob b\u00fdvania: 1 = s rodinou, 2 s\u00e1m, 3 = v\u00a0in\u0161tit\u00facii<\/span><\/li>\n<li><span style=\"font-family: helvetica, arial, sans-serif; font-size: 14pt;\">mesa\u010dn\u00fd pr\u00edjem: 1 = do 300 \u20ac, 2 = 300 &#8211; 500 \u20ac, 3 = nad 500 \u20ac.<\/span><\/li>\n<\/ul>\n<table style=\"border-collapse: collapse; width: 100%; height: 81px;\">\n<tbody>\n<tr style=\"height: 41px;\">\n<td style=\"width: 50%; height: 41px; text-align: center;\"><span style=\"font-family: helvetica, arial, sans-serif; font-size: 12pt;\"><strong>D\u00e1tov\u00e1 matica IBM SPSS na stiahnutie<\/strong><\/span><\/td>\n<\/tr>\n<tr style=\"height: 40px;\">\n<td style=\"width: 50%; height: 40px;\"><span style=\"font-family: helvetica, arial, sans-serif; font-size: 14pt;\"><a href=\"http:\/\/estatistika.ku.sk\/wp-content\/uploads\/2022\/02\/data_KZ_ZZ_preskalovaneZZ.zip\"><img decoding=\"async\" class=\"alignnone wp-image-980\" src=\"http:\/\/estatistika.ku.sk\/wp-content\/uploads\/2020\/01\/cropped-logoIBM-SPSS.png\" alt=\"\" width=\"116\" height=\"94\" \/><\/a><\/span><\/td>\n<\/tr>\n<\/tbody>\n<\/table>\n<p style=\"text-align: center;\"><span style=\"font-family: helvetica, arial, sans-serif;\"><strong>Overte si \u010di ste pr\u00edklad vypo\u010d\u00edtali spr\u00e1vne<\/strong><\/span><br \/>\n<span style=\"font-family: helvetica, arial, sans-serif; font-size: 12pt;\">(v pr\u00edpade spr\u00e1vneho v\u00fdpo\u010dtu je v\u00fdsledok v zelenom r\u00e1m\u010deku)<\/span><\/p>\n<p style=\"text-align: center;\"><div class = \"hdq_quiz_wrapper\"><a href = \"https:\/\/estatistika.ku.sk\/index.php\/induktivna-statistika\/korelacna-analyza\/vztahy-medzi-nominalnymi-premennymi\/priklad-cramerov-koeficient-v\/\" rel=\"noamphtml\" class = \"hdq_quiz_start hdq_button button\" role = \"button\">Otvori\u0165 overenie v\u00fdpo\u010dtu<\/a><\/div><\/p>\n<blockquote>\n<p style=\"text-align: justify;\"><strong><span style=\"font-size: 12pt;\">! vpisujte hodnotu korela\u010dn\u00e9ho koeficientu (Cramerovo V) zaokr\u00fahlen\u00fa na 3-desatinn\u00e9 miesta<\/span><\/strong><\/p>\n<p style=\"text-align: justify;\"><span style=\"font-size: 12pt;\">! ak ste po\u010d\u00edtali v SPSS, vpisujte v\u00fdsledok i <strong>s nulou pred \u010diarkou<\/strong>, napr. 0,005 (v SPSS je v\u00fdsledok vo forme z\u00e1pisu .005)<\/span><\/p>\n<\/blockquote>\n","protected":false},"excerpt":{"rendered":"<p>Pou\u017e\u00edva sa na sk\u00famanie vz\u0165ahu medzi viac\u00farov\u0148ov\u00fdmi nomin\u00e1lnymi premenn\u00fdmi (pr\u00edp. na meranie vz\u0165ahu medzi viac\u00farov\u0148ovou nomin\u00e1lnou a ordin\u00e1lnou premennou). koeficient m\u00f4\u017ee nadob\u00fada\u0165 hodnoty od 0 do 1, \u010d\u00edm tesnej\u0161\u00ed je vz\u0165ah k jednotke, t\u00fdm tesnej\u0161\u00ed je vz\u0165ah medzi premenn\u00fdmi (hovor\u00ed len o sile vz\u0165ahu, nie o jeho smere). Pr\u00edklad \u010d. 1: Cie\u013eom anal\u00fdzy je zisti\u0165 [&hellip;]<\/p>\n","protected":false},"author":2,"featured_media":0,"parent":458,"menu_order":0,"comment_status":"closed","ping_status":"closed","template":"templates\/template-full-width.php","meta":{"footnotes":""},"class_list":["post-462","page","type-page","status-publish","hentry"],"_links":{"self":[{"href":"https:\/\/estatistika.ku.sk\/index.php\/wp-json\/wp\/v2\/pages\/462","targetHints":{"allow":["GET"]}}],"collection":[{"href":"https:\/\/estatistika.ku.sk\/index.php\/wp-json\/wp\/v2\/pages"}],"about":[{"href":"https:\/\/estatistika.ku.sk\/index.php\/wp-json\/wp\/v2\/types\/page"}],"author":[{"embeddable":true,"href":"https:\/\/estatistika.ku.sk\/index.php\/wp-json\/wp\/v2\/users\/2"}],"replies":[{"embeddable":true,"href":"https:\/\/estatistika.ku.sk\/index.php\/wp-json\/wp\/v2\/comments?post=462"}],"version-history":[{"count":20,"href":"https:\/\/estatistika.ku.sk\/index.php\/wp-json\/wp\/v2\/pages\/462\/revisions"}],"predecessor-version":[{"id":2238,"href":"https:\/\/estatistika.ku.sk\/index.php\/wp-json\/wp\/v2\/pages\/462\/revisions\/2238"}],"up":[{"embeddable":true,"href":"https:\/\/estatistika.ku.sk\/index.php\/wp-json\/wp\/v2\/pages\/458"}],"wp:attachment":[{"href":"https:\/\/estatistika.ku.sk\/index.php\/wp-json\/wp\/v2\/media?parent=462"}],"curies":[{"name":"wp","href":"https:\/\/api.w.org\/{rel}","templated":true}]}}